j + 23 = 5*z. What is the tens digit of j?
1
Let n(u) = 5*u + 13. Let h(o) = -o - 1. Let w(c) = -h(c) - n(c). Let m be w(-5). Suppose -2*s - 10 = 4*p, -3*s - 3*p + 29 = -m*p. What is the units digit of s?
3
Suppose 46 = 5*s + 3*d, s = 6*s + 4*d - 48. Suppose -3*c - 2*u = -363, s = 4*u + 20. What is the units digit of c?
3
Suppose -5*s + 5*b + 1462 = -3473, 3*s + 3*b - 2943 = 0. What is the tens digit of s?
8
Let i be (-1 + 10)*12/18. Suppose 0 = m - i*m + 810. What is the hundreds digit of m?
1
Suppose -m = -2*m + 9. Let h = m - -2. What is the units digit of (3 - 1)/(1/h)?
2
Let n(i) = -25 + 10*i**2 - 11*i**2 + 4 - 12*i. Let a be n(-7). What is the units digit of (-8 - a)/(4/(-6))?
3
Let w = -15 - 8. Let b = -14 - w. Suppose 0*z + z - b = 0. What is the units digit of z?
9
Suppose 2*p - 4 = 4*o, 3*p + 2*p = o + 28. Suppose 6 = -p*l + 8*l. Suppose -26 = -l*a + 169. What is the tens digit of a?
6
Let o(y) = y**3 - 3*y**2 - 3*y + 17. Let l be o(4). Suppose 2*g - 319 = -l. What is the hundreds digit of g?
1
What is the thousands digit of (78/52)/((-3)/(-2284))?
1
Suppose 32*j = 10037 - 2773. What is the hundreds digit of j?
2
Let f(c) = 1. Let y(n) = 5. Let l(q) = 6*f(q) - y(q). Let d(i) = 2*i. Let b(s) = d(s) - 6*l(s). What is the units digit of b(4)?
2
Let q(l) = -l - 8. Let b be q(-13). Suppose -h = -5*n - 53, -b*h - 4*n + 71 = -49. Suppose -o - h = -x, -2*x - 4*o + 47 + 39 = 0. What is the tens digit of x?
3
Let u(q) = -q**2 - 19*q - 30. Let l be u(-17). What is the units digit of (l/3)/((-14)/(-609))?
8
Let a = 1843 + -253. What is the units digit of a?
0
Suppose -l = -5*l + 4*t + 4, 3*l = 5*t - 1. Suppose -4*q - 47 = -5*g, 4 = -2*g + 3*g + q. What is the units digit of (g - l)*1*6?
4
Let u be (-6417)/(-117) - 2/(-13). Let y(l) = -39*l**2. Let r be y(-1). Let w = r + u. What is the units digit of w?
6
Let u(r) = 8*r**3 - r**2 - r + 1. Let o be u(1). Suppose 0 = -o*v - 47 + 453. What is the units digit of v?
8
Suppose 0 = 14*b + b - 1065. What is the units digit of b?
1
Suppose -2*q + 11 = u, q - 2*u = -4*q + 14. Suppose -q*a - 588 = -2*b, 2*b + 75 = a + 228. What is the units digit of a/(-10) + 1/(-2)?
4
Let q be (-48 - -2)/(0 - 0 - -2). Let a = 98 + q. What is the tens digit of a?
7
Suppose 773 = 4*c - 691. What is the units digit of c?
6
Let v(b) be the second derivative of -b**4/12 + 7*b**3/3 + 3*b**2/2 - 22*b. Suppose y - 9 = 3. What is the tens digit of v(y)?
2
Suppose 5*l = 3*l. Suppose -2*s = 5*u - 629, 4*s = 5*u - l*s - 647. What is the hundreds digit of u?
1
Let u = -594 - -931. What is the units digit of u?
7
Suppose 5*v - 5*x - 515 = 0, 5*v + 4*x + 64 = 552. Suppose 0 = -4*c - 0*c + v. Suppose -c = 2*p - 63. What is the tens digit of p?
1
Let y(g) = 2*g**2 - 46*g + 38. Let h be y(16). What is the hundreds digit of 4 + 0 - (-1 + h + 2)?
1
What is the tens digit of 6160/21 + 4/(-14 - -2)?
9
Let l(v) = -5 - 1 - 3*v + v**3 + 9*v + 0*v**2 + 11*v**2. What is the units digit of l(-10)?
4
Let z(x) be the third derivative of -1/20*x**5 + 2/3*x**3 - 1/8*x**4 + 0 + 1/120*x**6 + 0*x + 7*x**2. What is the tens digit of z(5)?
3
Let n(b) = 81*b**2 + 3*b + 12. Let t be n(6). What is the hundreds digit of 6/(-21) + t/21?
1
Suppose 0 = -2*d - 2, -2*j + 6*d = 2*d - 6. Let t be j - (-3 + 0 - -1). Suppose -5*x = -t*b + 49, -5*x = 2*b - 1 - 15. What is the tens digit of b?
1
Let q(w) = w**2 - w - 1. Let a be q(0). Let c be a + -5 + 3 - -38. What is the units digit of (60/c)/(2/7)?
6
Let f(p) be the first derivative of 7*p**3/3 - 11*p**2/2 + 23*p + 2. What is the units digit of f(4)?
1
Suppose u - 6 = -u, -4*h + 3*u - 17 = 0. Let i be h/(-3) + (-608)/(-6). Suppose 2*x = -4*x + i. What is the tens digit of x?
1
Let r(n) = 2*n - 1. Let c be r(0). What is the units digit of (-2)/8*-116 + c + 0?
8
Let r be 18/(-81) + (-47)/(-9). Let p(l) = 0 - r*l - 3 + 6. What is the units digit of p(-6)?
3
Suppose 0*t - 2*t + 4 = 0, 0 = 2*a - 2*t - 22. Let m = 182 - a. What is the hundreds digit of m?
1
Let b(a) = -a**3 - 3*a**2 - 3*a + 38. What is the units digit of b(-10)?
8
Suppose m + 3*m - x - 2092 = 0, -3*m - 2*x + 1569 = 0. What is the units digit of m?
3
Suppose 6420 = 9*k - 17637. What is the tens digit of k?
7
What is the units digit of (-43071)/(-14) + (-1)/(-2)*1?
7
Suppose 3*h - h = 240. Suppose -6*g = -4*g - h. What is the tens digit of g?
6
Suppose -3*o + 651 = s + 28, -4*s + 2478 = 5*o. What is the hundreds digit of s?
6
Suppose 17981 = 38*z - 18461. What is the units digit of z?
9
Let u = 307 + -167. What is the units digit of u?
0
Let p = -6 + 6. Suppose 2*u - 4*u + 8 = p. What is the tens digit of u*(3 - -1) + 0?
1
Let u(g) = -1575*g**3 + 8*g + 9. What is the hundreds digit of u(-1)?
5
Suppose 2*o + 6 = a, 4*a + o = -0*o + 15. Suppose -4*t = 5*r + t - 645, -5*r - a*t = -646. What is the units digit of r?
0
Let z = -36 - -35. Let j be z*2*1/(-2). What is the tens digit of (15/2)/(j/6)?
4
Let j(t) = 14*t - 5. Let h be j(2). Let r = h + -7. Let o = r - -12. What is the units digit of o?
8
Let v(d) = 13*d**2 - 11*d - 166. What is the tens digit of v(20)?
1
Let u(x) = x**2 - 9*x - 7. Let a be u(8). Let r be 601/5 - (-3)/a. Suppose r = 5*w - w. What is the tens digit of w?
3
Let g = -3608 + 1586. What is the hundreds digit of 24/(-120) - (g/10)/1?
2
What is the hundreds digit of 10506/(-68)*(-16)/3?
8
Let v(q) = -7*q**2 + 3*q + 6. Let d be v(-2). Let f = 44 + d. What is the tens digit of f?
1
Suppose 570 = 8*k - 1166. What is the tens digit of 5/(-15) - k/(-3)?
7
Suppose k - 3512 = 2*c, -35*k + 34*k = 4*c - 3494. What is the thousands digit of k?
3
Suppose 314 = d + 3*n + 102, 4*d - 2*n - 806 = 0. What is the hundreds digit of d?
2
Let h(b) = 24*b**2 + 7*b + 2. What is the tens digit of h(7)?
2
Suppose 41*m - 13*m - 13664 = 0. What is the hundreds digit of m?
4
Let f = 345 - 185. Suppose -4*s + f = x + x, 0 = -4*s + 3*x + 180. Suppose 5*g = 172 - s. What is the tens digit of g?
2
Suppose -7*a + 84 = -1239. What is the tens digit of a?
8
Suppose 0*b = -b - 4*q - 26, -4*b - 104 = 3*q. Let z = 35 + b. What is the units digit of z?
9
Let p(f) = 2*f**3 - 5*f**2 + 2*f. Suppose -5*b + l = -46, -5*l = b - 0*l - 4. Suppose -b = 2*a - 5*a. What is the tens digit of p(a)?
1
Let x(m) be the third derivative of m**6/120 - 7*m**5/60 + 5*m**4/24 + 7*m**3/6 - 13*m**2. What is the units digit of x(6)?
1
Suppose -2*m + 78 = -3*j + 2*j, -4*j - 66 = -2*m. Let y = m - -31. What is the units digit of y?
2
Let w be 7/2*48/84*166. Suppose -5*q + q + w = 0. What is the tens digit of q?
8
Let h = -141 + 292. Suppose -2*f + f = -h. What is the hundreds digit of f?
1
Suppose 1214 = -64*x + 66*x. What is the hundreds digit of x?
6
Let f be (-1)/7 + (-7730)/35. Let i = f + 322. What is the hundreds digit of i?
1
Suppose 2*s - 1059 = 21. What is the units digit of s?
0
Suppose 24*t = 10*t + 29652. What is the tens digit of t?
1
Let g be (((-28)/(-3))/(-4) - 0)*12. Let i = 122 - g. What is the hundreds digit of i?
1
Suppose -3*x + 6*x + 21 = 0. Let l be (x - -8)/(2/40). Let u = l - 11. What is the units digit of u?
9
Suppose -2*k + 124 = 130, -2*x + 5*k = -7579. What is the units digit of x?
2
Suppose 1140 = -740*w + 755*w. What is the tens digit of w?
7
Let z = -10 + -1. Let g(b) = 2*b**2 + 2*b + 3. Let x be g(-4). Let r = x + z. What is the tens digit of r?
1
Let r(i) = 14*i**2 - i**3 + 18 - i - 9*i + 4*i - 6*i. What is the tens digit of r(13)?
3
Let q(z) = z - 15. Let h be q(6). Let b be 2/h + 29/9. Suppose b*t + 4*r = -0*t + 88, 2*r - 2 = 0. What is the units digit of t?
8
Let m be (62/8)/((-3)/(-36)). Suppose -2*j - 52 = -3*r, 3*r = -2*r - 3*j + m. Suppose 0*n + 3*n = r. What is the units digit of n?
6
Let i = 11 - 0. Let z = i + 63. Let y = z - 32. What is the tens digit of y?
4
What is the hundreds digit of 2/(-2) - ((-8)/(-1) - 322)?
3
Let b be -1 - (-3 - -6)/3. Let l be 22 - (-2 - b) - 0. Suppose -p - p = -l. What is the tens digit of p?
1
Suppose 4*a - 230 = 2*f, -f = -8*a + 4*a + 233. What is the units digit of a?
9
Let p(q) = 16*q**2 - 21*q + 53. What is the hundreds digit of p(6)?
5
Suppose -2402 = -q - 3*y, -q = -3*q - 5*y + 4802. What is the units digit of q?
6
Let o(r) = -r**2 + 6*r + 20*r - 2*r + 7 - 51. What is the units digit of o(18)?
4
Let k(g) = 4*g**2 + g - 7. Le